e highest common divisor of 128579 and 374.
11
What is the highest common factor of 948 and 142437?
237
Calculate the greatest common divisor of 269016 and 1056.
264
Calculate the greatest common factor of 98514 and 2340.
234
What is the highest common divisor of 45010 and 742?
14
Calculate the greatest common divisor of 31 and 211141.
31
Calculate the highest common factor of 3999 and 279.
93
Calculate the greatest common divisor of 541719 and 1449.
207
Calculate the greatest common factor of 45640 and 1120.
280
What is the highest common divisor of 732 and 86556?
12
Calculate the highest common factor of 32 and 993584.
16
Calculate the greatest common divisor of 13493 and 9563.
131
What is the highest common factor of 32 and 251632?
16
What is the greatest common factor of 260 and 9516?
52
Calculate the greatest common divisor of 395858 and 86.
86
Calculate the greatest common divisor of 29998 and 44096.
106
What is the greatest common divisor of 21433336 and 712?
712
What is the highest common divisor of 187 and 36619?
11
What is the greatest common factor of 17 and 1796033?
17
Calculate the highest common divisor of 4781 and 1638.
7
What is the greatest common factor of 496 and 1165228?
124
What is the highest common divisor of 332040 and 60?
60
What is the greatest common factor of 179046 and 522?
522
What is the greatest common divisor of 15 and 1641?
3
What is the highest common divisor of 393876 and 252?
252
Calculate the greatest common divisor of 231 and 6303.
33
Calculate the greatest common divisor of 45 and 86529.
3
What is the highest common factor of 131712 and 98?
98
Calculate the greatest common factor of 10527 and 2299.
121
What is the highest common factor of 7035 and 5565?
105
Calculate the greatest common factor of 2401 and 14566867.
2401
Calculate the highest common factor of 2394 and 12.
6
Calculate the highest common divisor of 3215 and 315713.
643
Calculate the greatest common factor of 189719 and 193.
193
What is the greatest common factor of 2559 and 1?
1
What is the highest common divisor of 184848 and 96?
48
What is the highest common divisor of 146 and 1577530?
146
Calculate the highest common divisor of 1040745 and 15.
15
What is the greatest common factor of 72702 and 434?
14
What is the highest common factor of 28480 and 1040?
80
Calculate the greatest common factor of 92704 and 2112.
32
Calculate the highest common factor of 66 and 3982.
22
What is the highest common divisor of 39 and 101621?
13
What is the greatest common divisor of 53 and 63653?
53
What is the highest common factor of 1984 and 53248?
64
Calculate the highest common divisor of 21392 and 616.
56
Calculate the highest common divisor of 214268 and 204.
68
Calculate the highest common divisor of 518087 and 3479.
71
Calculate the greatest common divisor of 6 and 4671.
3
What is the greatest common factor of 15753 and 2124?
177
What is the greatest common divisor of 398 and 391831?
199
What is the greatest common divisor of 172 and 4355083?
43
Calculate the greatest common divisor of 771 and 15.
3
What is the highest common divisor of 2680 and 92795?
335
Calculate the highest common factor of 864348 and 669.
669
What is the highest common factor of 60 and 81660?
60
Calculate the highest common factor of 12065 and 76.
19
What is the greatest common factor of 1491 and 3906917?
497
What is the highest common divisor of 96 and 2336?
32
What is the highest common divisor of 72800 and 312?
104
What is the greatest common divisor of 26909 and 10366?
71
Calculate the greatest common factor of 11841 and 33.
3
What is the greatest common divisor of 3964 and 18?
2
What is the greatest common divisor of 76 and 297046?
38
Calculate the greatest common divisor of 103441 and 416.
13
What is the highest common divisor of 32650 and 602066?
1306
Calculate the highest common factor of 14234 and 22.
22
Calculate the greatest common factor of 325 and 700.
25
What is the greatest common divisor of 8 and 1458?
2
What is the greatest common factor of 40 and 123456?
8
What is the greatest common factor of 1674 and 67518?
558
Calculate the highest common factor of 451 and 814916.
41
Calculate the greatest common divisor of 173 and 2762983.
173
What is the highest common divisor of 1061370 and 690?
30
Calculate the highest common divisor of 4265 and 145.
5
What is the highest common factor of 21260 and 160?
20
What is the highest common factor of 10 and 5862?
2
Calculate the greatest common divisor of 229412 and 1826.
166
What is the greatest common divisor of 185535 and 310?
155
Calculate the highest common divisor of 67774 and 24346.
658
Calculate the highest common divisor of 1744 and 342587.
109
What is the highest common divisor of 220 and 11840?
20
What is the highest common factor of 1271 and 589?
31
Calculate the highest common divisor of 9916922 and 254.
254
What is the greatest common divisor of 9 and 63741?
3
What is the highest common factor of 199630 and 20?
10
Calculate the greatest common factor of 10 and 551830.
10
What is the greatest common divisor of 8511 and 1994411?
2837
What is the highest common divisor of 225957 and 327?
327
What is the greatest common divisor of 389 and 106586?
389
What is the highest common factor of 2295 and 289?
17
What is the greatest common divisor of 1054 and 1666?
34
Calculate the greatest common factor of 30421 and 28323.
1049
Calculate the highest common factor of 559 and 12077.
13
Calculate the greatest common divisor of 75975 and 20.
5
Calculate the highest common divisor of 22527 and 333.
9
What is the greatest common factor of 444 and 1406?
74
What is the greatest common factor of 275002 and 1456?
182
What is the highest common divisor of 13 and 3316?
1
What is the greatest common factor of 544 and 4744?
8
Calculate the greatest common factor of 94 and 61946.
94
Calculate the highest common factor of 5 and 13295.
5
Calculate the greatest common factor of 1370 and 67678.
274
Calculate the highest common factor of 44172 and 6156.
108
Calculate the greatest common divisor of 1236 and 15315276.
1236
What is the greatest common factor of 3078 and 4427?
19
What is the highest common divisor of 25 and 19?
1
What is the greatest common divisor of 2867616 and 84?
12
Calculate the greatest common divisor of 1503814 and 52.
26
What is the highest common divisor of 530344 and 40?
8
What is the greatest common divisor of 39540 and 48?
12
Calculate the greatest common divisor of 56942 and 6390.
142
What is the highest common divisor of 543 and 2798984?
181
What is the greatest common divisor of 27249 and 3627?
93
What is the greatest common factor of 18912 and 21867?
591
Calculate the highest common divisor of 228 and 760.
76
Calculate the highest common factor of 96 and 2153568.
96
What is the highest common factor of 6885 and 1296?
81
Calculate the highest common divisor of 26490 and 960.
30
Calculate the greatest common divisor of 2472 and 12051.
309
What is the highest common divisor of 455 and 367549?
91
Calculate the greatest common factor of 36499 and 1919.
19
What is the greatest common divisor of 11340 and 8001?
63
What is the highest common divisor of 26 and 98891?
13
Calculate the highest common factor of 17 and 607801.
17
Calculate the highest common factor of 264 and 51000.
24
Calculate the highest common factor of 8211 and 1292.
17
What is the greatest common divisor of 5238 and 684?
18
What is the greatest common factor of 310 and 3190?
10
Calculate the greatest common factor of 391 and 493.
17
What is the greatest common divisor of 45106 and 114?
38
What is the highest common divisor of 1053 and 520?
13
Calculate the greatest common factor of 6546 and 3294.
6
What is the greatest common factor of 141 and 2726?
47
What is the highest common factor of 79658 and 2?
2
Calculate the highest common factor of 7276430 and 399.
133
Calculate the greatest common divisor of 296 and 488464.
8
Calculate the greatest common divisor of 13440 and 60.
60
What is the highest common divisor of 18373 and 152?
19
What is the greatest common divisor of 221495 and 620?
155
Calculate the greatest common factor of 12864 and 2358.
6
Calculate the greatest common factor of 29815 and 435.
5
What is the greatest common factor of 52 and 30654?